 of o?
7, 71
Suppose 8*h + 9267 = 2659. Let c = h + 1390. List the prime factors of c.
2, 3, 47
Let r(y) = 10*y - 9. Let f be r(11). Suppose 3*n + 186 - 849 = 0. Let q = n - f. List the prime factors of q.
2, 3, 5
Suppose -5*n + 76644 = 2*l, -4*l - 222*n + 153332 = -223*n. What are the prime factors of l?
2, 7, 37
Let b(l) = 12*l - 109. Let r(v) = -11*v + 109. Let d(g) = -3*b(g) - 4*r(g). What are the prime factors of d(27)?
107
Suppose -233*j + 70*j + 1692525 = -1550360. List the prime factors of j.
5, 23, 173
Suppose 0*m - 120 = -5*m. Suppose m = 4*n - 2*n. What are the prime factors of 9/((-45)/n - -4)?
2, 3
Suppose 0*o = -7*o + 280. Suppose -61 = 5*j - 186. What are the prime factors of ((-120)/j)/((-4)/o)?
2, 3
Suppose 13*a - 2308 = 9*a. Suppose 1719 = 4*t - a. What are the prime factors of t?
2, 7, 41
Let c = -26938 - -41842. What are the prime factors of c?
2, 3, 23
What are the prime factors of (-19 - (-5558 - 13)) + 4?
2, 3, 463
What are the prime factors of (65247 - -1)/((-36)/(-576)*32)?
2, 2039
Let i(n) = -5*n**2 + n - 2. Let u(w) = -6*w**2 - 3. Let t(z) = -3*i(z) + 2*u(z). List the prime factors of t(3).
2, 3
Let q = -29 - -47. Suppose q*l - 36*l = -144. What are the prime factors of l?
2
Let a(m) = m**2 - 2*m - 19. Let y be a(-3). What are the prime factors of -2*(8/4)/y + 279?
2, 5, 7
Let t be (207/(-27) - -8) + (-208)/(-6). Suppose -4*i - 5735 = -t*i. List the prime factors of i.
5, 37
Let z(x) = 2*x**2 - 5*x + 1. Suppose 6*d - 20 = 4*d. Let v be d - (3 + (0 - -1)). List the prime factors of z(v).
43
Let i(d) = -21*d - 12. Let f be i(11). Suppose 0 = -5*u + 3*q + 2050, 2*u + q + 509 = 1318. Let r = f + u. List the prime factors of r.
2, 41
Suppose -3*q = 4*n - 2*n + 148, -n + 41 = -q. Let g = q + 52. What are the prime factors of 6/(-39)*-443 - g/39?
2, 17
Suppose c - 13 = -1. Suppose -c*y + 2058 = 2*y. List the prime factors of y.
3, 7
Let d = 14975 - 9504. What are the prime factors of d?
5471
Suppose 0 = 187*c - 199*c - 300. Let f be 13*4*1/1. Let j = f + c. List the prime factors of j.
3
Let i(l) = 19*l**3 + 11*l - 20*l**3 + 10*l**2 - 2*l - 3*l**2. Let w be i(8). Suppose -w*f - 44 = -9*f. List the prime factors of f.
2, 11
Let w(s) = -18*s**2 + 2*s + 11. Let r be w(-4). Let j = 398 + r. List the prime factors of j.
113
Suppose 0 = -4*g - 2*g + 18. Suppose -u - u - 1455 = -g*l, l = 4*u + 2905. What are the prime factors of u/(-8) - 2*6/(-48)?
7, 13
What are the prime factors of (-10)/(-95) + (-1345608)/(-456)?
13, 227
Let x be 310/110 - ((-72)/33 + 2). Let y = 271 - 69. Suppose s = 2*p - 413, y = 4*p - x*p + 4*s. List the prime factors of p.
2, 103
Let g(t) = 12*t - 8. Let q be (16 - 1)/((-2 - -1)*-1). List the prime factors of g(q).
2, 43
Suppose -5*t = 2*m - 103, 2*t - 7*m - 34 = -6*m. Let p(v) = v**3 - 21*v**2 + 44*v + 15. What are the prime factors of p(t)?
3, 43
Let g = -427 + 287. Let y = g + 353. What are the prime factors of y?
3, 71
Let j be (-33 + 36)*(1 - 1140) - 4. Let a = 4832 + j. List the prime factors of a.
17, 83
Let g be -2*1 - -5*(-8 + -4). Let u = g + 82. Suppose u*m - 11*m = 1926. What are the prime factors of m?
2, 107
Let u(g) = 30*g + 2841. List the prime factors of u(109).
3, 7, 97
Suppose 5*f - 555 = -5*b, -5*b - 193 = -2*f + 15. Let m = -44 + f. List the prime factors of m.
5, 13
Suppose -118676 - 197692 = -16*o. What are the prime factors of o?
3, 13
What are the prime factors of ((-8)/(-3))/(178/199449)?
2, 3, 83
Let o(p) be the second derivative of -1173*p**5/20 + p**3/6 + p**2 + 9*p + 1. What are the prime factors of o(-1)?
2, 587
Suppose 2*r - 79534 = -z, 0 = -7*r + 2*r - 9*z + 198822. List the prime factors of r.
2, 3, 1657
Let x be 808 - -8*6/(-12). Let f = -291 + x. List the prime factors of f.
3, 19
Let z(c) = 2*c**3 - 9 - 11*c**2 + 10*c - 4*c**3 + 4*c**3. List the prime factors of z(8).
17, 23
Suppose 5*n + 9 = -3*b, -4*b - 5*n = -0*b + 7. Suppose 0 = -4*y - 2 + b. Suppose -8*j + 323 - 11 = y. What are the prime factors of j?
3, 13
Suppose -14*a = -12*a - 140. What are the prime factors of -2 + a - (1 - -4)?
3, 7
Suppose -3*t = 4*q + 1036, 0*t - 5*t - 1721 = q. List the prime factors of t/6*(3 - (-6 + 18)).
2, 3, 43
Let l(y) = -5*y**3 + 8*y**2 + 34*y + 30. What are the prime factors of l(-8)?
2, 5, 283
Suppose -162 = 9*x + 1917. Let d = -67 - x. What are the prime factors of d?
2, 41
Let z = 1937 - -2133. List the prime factors of z.
2, 5, 11, 37
Suppose 2*k + 22 = -k - 4*p, -2*p + 54 = -5*k. Let q be (-575)/k*(-8)/5. List the prime factors of (q/(-69))/(4/390).
2, 5, 13
Let g(r) = 2*r**3 + 6*r**2 - 3*r - 7. Let s be g(-3). Let j(p) = -p**2 - 5*p - 21 + 28*p - 22 + s. What are the prime factors of j(17)?
61
Let y(r) = -r**3 + 8*r**2 - 4*r - 48. Let i be y(6). Suppose 5*q = z - i*q - 223, 3*q = 9. What are the prime factors of z?
2, 7, 17
Let p(w) = w**2 + 6*w + 7. Let q be p(-5). Let u be (-1 - (-2)/q) + 3. Suppose -u*v = -4*v + 63. What are the prime factors of v?
3, 7
Let s = 443 - 68. Suppose q - s = -v, -2*v + 1123 = 2*q + q. What are the prime factors of q?
373
Let b = 70932 - 49486. List the prime factors of b.
2, 10723
Let p(x) = 19*x + 152. Let v be p(-8). Suppose -4*o - 20 = v, -5*l + 885 = -o - o. List the prime factors of l.
5, 7
Let u = 465 - 363. Suppose 0 = -2*w + 5*m + 47, -3*w - 2*m + u = 3. What are the prime factors of w?
31
Let j(x) = -x**3 - 3*x + 2. Let m = -22 + 22. Let w be j(m). Suppose 0 = -w*t + 4*t - 260. List the prime factors of t.
2, 5, 13
Suppose -2*k - g - 22 = -10, 4*k - 4 = 5*g. Let h be (1210/k)/(-1 - (-4)/8). Suppose -a + 487 = 4*c, 0*a - 2*a = 5*c - h. List the prime factors of c.
3, 41
Suppose 0 = -129*q + 115*q + 29386. What are the prime factors of q?
2099
Suppose -3*s - 264 = -4*o, 0*s - 3*s - 264 = 4*o. Let r = s - -92. Suppose -5*d = 4*c - 102, 8 = -r*d - 2*c + 86. What are the prime factors of d?
2, 3
Suppose -157146 - 106474 = -11*v - 20168. List the prime factors of v.
2, 11, 503
Let g(s) = 3*s + 19*s**2 + 3 + 3 - 7. Let v be (-6*6/(-54))/((-2)/6). What are the prime factors of g(v)?
3, 23
Suppose 491377 = 113*y - 41*y - 1332383. What are the prime factors of y?
2, 5, 17, 149
Suppose 5*o = 343 - 248. Suppose -514 = -3*x - o. What are the prime factors of x?
3, 5, 11
What are the prime factors of (-3106493)/(-35) + 594/693 + (-4)/5?
17, 23, 227
Suppose 0 = -62*s + 45*s + 105281. What are the prime factors of s?
11, 563
Suppose -n - w = -5*n + 5, n = -3*w - 2. List the prime factors of (-1 - n - -23)*130/6.
5, 7, 13
Let g(r) = r**3 - 12*r**2 - 27*r + 32. Let v be g(14). Let l = v - -183. List the prime factors of l.
229
Let m be (10 + (3 - 14))*(-463 - 1). Suppose -m + 134 = -22*c. List the prime factors of c.
3, 5
Suppose -3*t = 2*f + 2, -3*t - t - 2 = 3*f. Suppose 0 = 5*h - f*y - 9, -2*h + 3*y - 1 = 2. What are the prime factors of h/(-5) + (-738)/(-30)?
2, 3
Let i(z) = z**3 + 4*z**2 + 3*z - 4. Let l be i(-3). What are the prime factors of ((-1204)/l)/1 + 3?
2, 19
Let s be (135/(-12)*336/(-18))/(-1). Let k be (s/(-63))/(4/6). List the prime factors of 334/8 - k/(-20).
2, 3, 7
Let g be -1 + 1 - -5 - 7. Let o = -19 - -20. What are the prime factors of (g - o - -41)*6/2?
2, 3, 19
Suppose -29469 = -3*b - 4*t, 25*t - 27*t = 0. List the prime factors of b.
11, 19, 47
Suppose s - 26 + 12 = 0. Suppose 5*j = 3*l + 11, 4*l - j + s + 12 = 0. What are the prime factors of (l + 5 + 3)/((-1)/(-71))?
71
Suppose z = -6*z + 21. Suppose -12 = -3*h - 0, -2*l + z*h + 180 = 0. What are the prime factors of l?
2, 3
Let a = 134 + -35. Let u be 0 + 132/2 + -1. Let x = a - u. What are the prime factors of x?
2, 17
Let v = 67509 - 8090. List the prime factors of v.
59419
Suppose 0 = 2*g + 4*z + 55 - 751, 4*z = -3*g + 1042. Suppose 2*i - 3*p - g = 0, 5*i - i - 712 = p. Suppose -i = -5*r + 186. What are the prime factors of r?
73
Let z be (-33 - -3)*-5 - 3. Let q = z - 107. List the prime factors of q.
2, 5
Suppose -9*v = -8*v - 3. Suppose u = -2, v*u - 158 = -4*d + 2332. What are the prime factors of d?
2, 3, 13
Let h be 1*(141 + 2) + 18/(-6). Let k = -80 + h. List the prime factors of k/(-8)*-31*(-4)/(-6).
5, 31
Suppose 6*i = 5*m + 8*i - 5, -4*i = -5*m - 25. Suppose 0*u = 3*u + 3*c + 57, 4*c = -20. List the prime factors of 4/u + m + 3732/28.
2, 3, 11
Let v be 130